{"id":2,"date":"2026-03-11T19:32:47","date_gmt":"2026-03-11T19:32:47","guid":{"rendered":"https:\/\/hemservicios.com.mx\/?page_id=2"},"modified":"2026-03-24T02:34:37","modified_gmt":"2026-03-24T02:34:37","slug":"home","status":"publish","type":"page","link":"https:\/\/hemservicios.com.mx\/","title":{"rendered":"Acerca de"},"content":{"rendered":"\n\n\n<div style=\"height:20px\" aria-hidden=\"true\" class=\"wp-block-spacer\"><\/div>\n\n\n\n<figure class=\"wp-block-image size-large\"><img loading=\"lazy\" decoding=\"async\" width=\"1024\" height=\"252\" src=\"https:\/\/hemservicios.com.mx\/wp-content\/uploads\/2026\/03\/Logo_HEM_Servicios-1024x252.jpg\" alt=\"\" class=\"wp-image-83\" srcset=\"https:\/\/hemservicios.com.mx\/wp-content\/uploads\/2026\/03\/Logo_HEM_Servicios-1024x252.jpg 1024w, https:\/\/hemservicios.com.mx\/wp-content\/uploads\/2026\/03\/Logo_HEM_Servicios-300x74.jpg 300w, https:\/\/hemservicios.com.mx\/wp-content\/uploads\/2026\/03\/Logo_HEM_Servicios-768x189.jpg 768w, https:\/\/hemservicios.com.mx\/wp-content\/uploads\/2026\/03\/Logo_HEM_Servicios.jpg 1366w\" sizes=\"auto, (max-width: 1024px) 100vw, 1024px\" \/><\/figure>\n\n\n\n<div style=\"height:20px\" aria-hidden=\"true\" class=\"wp-block-spacer\"><\/div>\n\n\n\n<div class=\"wp-block-cover alignfull is-light has-accent-1-color has-text-color has-link-color wp-elements-8fc81a8e3334ea8a8ae047295409419a\" style=\"margin-top:0;margin-bottom:0;padding-top:200px;padding-right:var(--wp--preset--spacing--50);padding-bottom:200px;padding-left:var(--wp--preset--spacing--50);min-height:100vh;aspect-ratio:unset;\"><img loading=\"lazy\" decoding=\"async\" width=\"1920\" height=\"768\" class=\"wp-block-cover__image-background wp-image-26 size-full\" alt=\"\" src=\"https:\/\/hemservicios.com.mx\/wp-content\/uploads\/2026\/03\/hem_tecnologia01.jpg\" data-object-fit=\"cover\"\/><span aria-hidden=\"true\" class=\"wp-block-cover__background has-background-dim-10 has-background-dim\" style=\"background-color:#c4c5c7\"><\/span><div class=\"wp-block-cover__inner-container has-global-padding is-layout-constrained wp-container-core-cover-is-layout-d47c59a2 wp-block-cover-is-layout-constrained\">\n<div class=\"wp-block-group is-vertical is-content-justification-center is-layout-flex wp-container-core-group-is-layout-ce155fab wp-block-group-is-layout-flex\">\n<h2 class=\"wp-block-heading has-text-align-center is-style-text-annotation is-style-text-annotation--1\">HOLA<\/h2>\n<\/div>\n\n\n\n<h3 class=\"wp-block-heading has-text-align-center has-xx-large-font-size\">Pronto llegar\u00e1 algo grande<\/h3>\n\n\n\n<p class=\"has-text-align-center\">Suscr\u00edbete para tener noticias de nuestros productos.<\/p>\n\n\n\n<div class=\"wp-block-buttons is-content-justification-center is-layout-flex wp-container-core-buttons-is-layout-a89b3969 wp-block-buttons-is-layout-flex\">\n<div class=\"wp-block-button\"><a class=\"wp-block-button__link wp-element-button\">Suscr\u00edbete<\/a><\/div>\n<\/div>\n<\/div><\/div>\n\n\n\n<p><\/p>\n\n\n\n<figure class=\"wp-block-pullquote\"><blockquote><p>La tecnolog\u00eda optimiza tiempos.<\/p><cite>Su verdadero impacto se logra al integrar soluciones que responden a necesidades reales.<\/cite><\/blockquote><\/figure>\n\n\n\n<p class=\"has-text-align-center\">HEM es una firma especializada en <strong>consultor\u00eda integral para empresas<\/strong>, enfocada en optimizar la gesti\u00f3n administrativa, fiscal, operativa y estrat\u00e9gica de organizaciones p\u00fablicas y privadas. Su enfoque combina asesor\u00eda profesional, capacitaci\u00f3n t\u00e9cnica y desarrollo organizacional para fortalecer la eficiencia de los procesos empresariales.<\/p>\n\n\n\n<p><\/p>\n\n\n\n<div style=\"height:30px\" aria-hidden=\"true\" class=\"wp-block-spacer\"><\/div>\n\n\n\n<div class=\"wp-block-group alignfull has-global-padding is-layout-constrained wp-container-core-group-is-layout-ebee8dc1 wp-block-group-is-layout-constrained\" style=\"margin-top:0;margin-bottom:0;padding-top:var(--wp--preset--spacing--50);padding-bottom:var(--wp--preset--spacing--50)\">\n<h2 class=\"wp-block-heading alignwide has-text-align-center\">Nuestros servicios<\/h2>\n\n\n\n<div class=\"wp-block-columns alignwide is-layout-flex wp-container-core-columns-is-layout-28f84493 wp-block-columns-is-layout-flex\">\n<div class=\"wp-block-column is-layout-flow wp-block-column-is-layout-flow\">\n<figure class=\"wp-block-image size-full\" style=\"margin-bottom:24px\"><img loading=\"lazy\" decoding=\"async\" width=\"1190\" height=\"790\" src=\"https:\/\/hemservicios.com.mx\/wp-content\/uploads\/2026\/03\/comercio_ext01.jpg\" alt=\"\" class=\"wp-image-31\" style=\"aspect-ratio:4\/3;object-fit:cover\"\/><\/figure>\n\n\n\n<h3 class=\"wp-block-heading has-text-align-center\">Comercio Exterior<\/h3>\n\n\n\n<p class=\"has-text-align-center has-medium-font-size\">Para destacar en un mundo globalmente competitivo y digital.<\/p>\n<\/div>\n\n\n\n<div class=\"wp-block-column is-layout-flow wp-block-column-is-layout-flow\">\n<figure class=\"wp-block-image size-full\" style=\"margin-bottom:24px\"><img loading=\"lazy\" decoding=\"async\" width=\"1190\" height=\"790\" src=\"https:\/\/hemservicios.com.mx\/wp-content\/uploads\/2026\/03\/plan_contable01.jpg\" alt=\"\" class=\"wp-image-34\" style=\"aspect-ratio:4\/3;object-fit:cover\"\/><\/figure>\n\n\n\n<h3 class=\"wp-block-heading has-text-align-center\">Planeaci\u00f3n Contable y Fiscal<\/h3>\n\n\n\n<p class=\"has-text-align-center has-medium-font-size\">Integramos soluciones que permiten a las organizaciones mejorar su estructura y aumentar su competitividad.<\/p>\n<\/div>\n\n\n\n<div class=\"wp-block-column is-layout-flow wp-block-column-is-layout-flow\">\n<figure class=\"wp-block-image size-full\" style=\"margin-bottom:24px\"><img loading=\"lazy\" decoding=\"async\" width=\"1190\" height=\"790\" src=\"https:\/\/hemservicios.com.mx\/wp-content\/uploads\/2026\/03\/consultoria_est01.jpg\" alt=\"\" class=\"wp-image-42\" style=\"aspect-ratio:4\/3;object-fit:cover\"\/><\/figure>\n\n\n\n<h3 class=\"wp-block-heading has-text-align-center\">Consultor\u00eda estrat\u00e9gica<\/h3>\n\n\n\n<p class=\"has-text-align-center has-medium-font-size\">Recursos humanos, log\u00edstica operativa y gesti\u00f3n documental.<\/p>\n<\/div>\n<\/div>\n<\/div>\n\n\n\n<div class=\"wp-block-columns is-layout-flex wp-container-core-columns-is-layout-28f84493 wp-block-columns-is-layout-flex\">\n<div class=\"wp-block-column is-layout-flow wp-block-column-is-layout-flow\" style=\"flex-basis:100%\">\n<div class=\"wp-block-cover is-light\"><span aria-hidden=\"true\" class=\"wp-block-cover__background has-accent-1-background-color has-background-dim-100 has-background-dim\"><\/span><div class=\"wp-block-cover__inner-container has-global-padding is-layout-constrained wp-block-cover-is-layout-constrained\">\n<p class=\"has-text-align-center has-large-font-size\"><mark style=\"background-color:rgba(0, 0, 0, 0)\" class=\"has-inline-color has-base-color\"><strong>Mayor productividad y eficiencia<\/strong><\/mark><\/p>\n\n\n\n<figure class=\"wp-block-pullquote\"><blockquote><p><mark style=\"background-color:rgba(0, 0, 0, 0)\" class=\"has-inline-color has-accent-3-color\">Personal calificado y tecnolog\u00eda de punta<\/mark><\/p><cite><mark style=\"background-color:rgba(0, 0, 0, 0)\" class=\"has-inline-color has-base-color\">Ejecuci\u00f3n m\u00e1s r\u00e1pida y de calidad<\/mark><\/cite><\/blockquote><\/figure>\n<\/div><\/div>\n<\/div>\n<\/div>\n\n\n\n<div style=\"height:30px\" aria-hidden=\"true\" class=\"wp-block-spacer\"><\/div>\n\n\n\n<div class=\"wp-block-group alignfull has-global-padding is-layout-constrained wp-container-core-group-is-layout-0c9c989a wp-block-group-is-layout-constrained\" style=\"min-height:0vh;margin-top:0;margin-bottom:0;padding-top:var(--wp--preset--spacing--70);padding-right:var(--wp--preset--spacing--40);padding-bottom:var(--wp--preset--spacing--70);padding-left:var(--wp--preset--spacing--40)\">\n<div class=\"wp-block-group has-global-padding is-layout-constrained wp-container-core-group-is-layout-346627ba wp-block-group-is-layout-constrained\">\n<h2 class=\"wp-block-heading has-text-align-center has-xx-large-font-size\" style=\"margin-right:0;margin-left:0;padding-right:0;padding-left:0\"><strong>Para empresas que buscan crecer con estructura y visi\u00f3n.<\/strong><\/h2>\n\n\n\n<p class=\"has-text-align-center\">Como las flores que florecen en lugares inesperados, cada historia se despliega con belleza y resistencia, revelando maravillas ocultas.<\/p>\n\n\n\n<div class=\"wp-block-buttons is-content-justification-center is-layout-flex wp-container-core-buttons-is-layout-a89b3969 wp-block-buttons-is-layout-flex\">\n<div class=\"wp-block-button\"><a class=\"wp-block-button__link wp-element-button\">Saber m\u00e1s<\/a><\/div>\n<\/div>\n<\/div>\n<\/div>\n\n\n\n<p class=\"has-text-align-center\"><mark style=\"background-color:rgba(0, 0, 0, 0)\" class=\"has-inline-color has-accent-1-color\">Nuestro portafolio tambi\u00e9n incluye <strong>reclutamiento, selecci\u00f3n y administraci\u00f3n de personal, outsourcing, asesor\u00eda corporativa y apoyo en tr\u00e1mites relacionados con comercio exterior<\/strong>, ofreciendo acompa\u00f1amiento estrat\u00e9gico en cada etapa del desarrollo empresarial.<\/mark><\/p>\n\n\n\n<div style=\"height:30px\" aria-hidden=\"true\" class=\"wp-block-spacer\"><\/div>\n\n\n\n<div class=\"wp-block-cover alignfull has-accent-1-color has-text-color has-link-color wp-elements-85ca96f1161c28ca3561782e3a08148b\" style=\"margin-top:0;margin-bottom:0;padding-top:var(--wp--preset--spacing--50);padding-right:var(--wp--preset--spacing--50);padding-bottom:var(--wp--preset--spacing--50);padding-left:var(--wp--preset--spacing--50);min-height:100vh;aspect-ratio:unset;\"><img loading=\"lazy\" decoding=\"async\" width=\"1260\" height=\"2240\" class=\"wp-block-cover__image-background wp-image-78 size-full\" alt=\"\" src=\"https:\/\/hemservicios.com.mx\/wp-content\/uploads\/2026\/03\/hem_tecnologia09.jpg\" data-object-fit=\"cover\"\/><span aria-hidden=\"true\" class=\"wp-block-cover__background has-background-dim-30 has-background-dim\" style=\"background-color:#547078\"><\/span><div class=\"wp-block-cover__inner-container has-global-padding is-layout-constrained wp-container-core-cover-is-layout-b25ccd55 wp-block-cover-is-layout-constrained\">\n<div class=\"wp-block-group alignwide is-vertical is-content-justification-stretch is-layout-flex wp-container-core-group-is-layout-ae24f51d wp-block-group-is-layout-flex\" style=\"min-height:100vh\">\n<div class=\"wp-block-columns alignwide is-layout-flex wp-container-core-columns-is-layout-7f3773af wp-block-columns-is-layout-flex\">\n<div class=\"wp-block-column is-layout-flow wp-block-column-is-layout-flow\" style=\"flex-basis:80%\">\n<h2 class=\"wp-block-heading alignwide has-text-align-left\" style=\"font-size:12vw;font-style:normal;font-weight:300;line-height:0.9\"><br>\t\t\t\t\tFortalece tu empresa y destaca de la competencia.\t\t\t\t<\/h2>\n<\/div>\n<\/div>\n\n\n\n<div class=\"wp-block-columns alignwide are-vertically-aligned-bottom is-not-stacked-on-mobile is-layout-flex wp-container-core-columns-is-layout-28f84493 wp-block-columns-is-layout-flex\">\n<div class=\"wp-block-column is-vertically-aligned-bottom is-layout-flow wp-block-column-is-layout-flow\" style=\"flex-basis:80%\">\n<h2 class=\"wp-block-heading alignwide has-text-align-left has-xx-large-font-size\" style=\"font-style:normal;font-weight:300;line-height:0.9\">Beneficios tangibles.<\/h2>\n<\/div>\n\n\n\n<div class=\"wp-block-column is-vertically-aligned-bottom is-layout-flow wp-block-column-is-layout-flow\" style=\"flex-basis:20%\"><\/div>\n<\/div>\n<\/div>\n<\/div><\/div>\n","protected":false},"excerpt":{"rendered":"<p>La tecnolog\u00eda optimiza tiempos. Su verdadero impacto se logra al integrar soluciones que responden a necesidades reales. HEM es una firma especializada en consultor\u00eda integral para empresas, enfocada en optimizar la gesti\u00f3n administrativa, fiscal, operativa y estrat\u00e9gica de organizaciones p\u00fablicas y privadas. Su enfoque combina asesor\u00eda profesional, capacitaci\u00f3n t\u00e9cnica y desarrollo organizacional para fortalecer la [&hellip;]<\/p>\n","protected":false},"author":1,"featured_media":0,"parent":0,"menu_order":0,"comment_status":"closed","ping_status":"closed","template":"","meta":{"footnotes":""},"class_list":["post-2","page","type-page","status-publish","hentry"],"_links":{"self":[{"href":"https:\/\/hemservicios.com.mx\/index.php\/wp-json\/wp\/v2\/pages\/2","targetHints":{"allow":["GET"]}}],"collection":[{"href":"https:\/\/hemservicios.com.mx\/index.php\/wp-json\/wp\/v2\/pages"}],"about":[{"href":"https:\/\/hemservicios.com.mx\/index.php\/wp-json\/wp\/v2\/types\/page"}],"author":[{"embeddable":true,"href":"https:\/\/hemservicios.com.mx\/index.php\/wp-json\/wp\/v2\/users\/1"}],"replies":[{"embeddable":true,"href":"https:\/\/hemservicios.com.mx\/index.php\/wp-json\/wp\/v2\/comments?post=2"}],"version-history":[{"count":29,"href":"https:\/\/hemservicios.com.mx\/index.php\/wp-json\/wp\/v2\/pages\/2\/revisions"}],"predecessor-version":[{"id":89,"href":"https:\/\/hemservicios.com.mx\/index.php\/wp-json\/wp\/v2\/pages\/2\/revisions\/89"}],"wp:attachment":[{"href":"https:\/\/hemservicios.com.mx\/index.php\/wp-json\/wp\/v2\/media?parent=2"}],"curies":[{"name":"wp","href":"https:\/\/api.w.org\/{rel}","templated":true}]}}